{"id":1285,"date":"2026-03-08T13:57:17","date_gmt":"2026-03-08T13:57:17","guid":{"rendered":"https:\/\/test.kobaltransporti.si\/?page_id=1285"},"modified":"2026-04-06T17:43:21","modified_gmt":"2026-04-06T17:43:21","slug":"distribucija","status":"publish","type":"page","link":"https:\/\/test.kobaltransporti.si\/?page_id=1285","title":{"rendered":"Distribucija"},"content":{"rendered":"\n<p class=\"has-black-color has-text-color has-link-color wp-elements-ab80a4ff9291c43617aa6b120621b46a\">Distribucija predstavlja klju\u010den del na\u0161e logisti\u010dne verige, kjer zagotavljamo u\u010dinkovito in \u010dasovno usklajeno dostavo blaga do kon\u010dnih prejemnikov. Z lastno floto vozil ter optimiziranim na\u010drtovanjem poti izvajamo distribucijo na obmo\u010dju Slovenije in \u0161ir\u0161e Evropske unije.<\/p>\n\n\n\n<p class=\"has-black-color has-text-color has-link-color wp-elements-4c116651e75c8efe8fff4d8d70e3a1d1\">Na\u0161e storitve vklju\u010dujejo organizacijo in izvedbo dnevnih dostav, konsolidacijo po\u0161iljk ter prilagoditev distribucijskih procesov glede na specifi\u010dne zahteve posameznih strank in industrij. Poseben poudarek namenjamo zanesljivosti dobavnih rokov, sledljivosti po\u0161iljk ter fleksibilnosti pri upravljanju naro\u010dil.<\/p>\n\n\n\n<p class=\"has-black-color has-text-color has-link-color wp-elements-5122298b0298274fdf42010b9d84a306\">Z uporabo naprednih logisti\u010dnih re\u0161itev in stalnim nadzorom nad distribucijskim procesom zagotavljamo visoko stopnjo u\u010dinkovitosti, preglednosti ter kakovosti storitev tudi pri \u010dasovno in temperaturno ob\u010dutljivem blagu.<\/p>\n","protected":false},"excerpt":{"rendered":"<p>Distribucija predstavlja klju\u010den del na\u0161e logisti\u010dne verige&#8212;<\/p>\n","protected":false},"author":1,"featured_media":0,"parent":0,"menu_order":0,"comment_status":"closed","ping_status":"closed","template":"","meta":{"footnotes":""},"class_list":["post-1285","page","type-page","status-publish","hentry"],"_links":{"self":[{"href":"https:\/\/test.kobaltransporti.si\/index.php?rest_route=\/wp\/v2\/pages\/1285","targetHints":{"allow":["GET"]}}],"collection":[{"href":"https:\/\/test.kobaltransporti.si\/index.php?rest_route=\/wp\/v2\/pages"}],"about":[{"href":"https:\/\/test.kobaltransporti.si\/index.php?rest_route=\/wp\/v2\/types\/page"}],"author":[{"embeddable":true,"href":"https:\/\/test.kobaltransporti.si\/index.php?rest_route=\/wp\/v2\/users\/1"}],"replies":[{"embeddable":true,"href":"https:\/\/test.kobaltransporti.si\/index.php?rest_route=%2Fwp%2Fv2%2Fcomments&post=1285"}],"version-history":[{"count":5,"href":"https:\/\/test.kobaltransporti.si\/index.php?rest_route=\/wp\/v2\/pages\/1285\/revisions"}],"predecessor-version":[{"id":1496,"href":"https:\/\/test.kobaltransporti.si\/index.php?rest_route=\/wp\/v2\/pages\/1285\/revisions\/1496"}],"wp:attachment":[{"href":"https:\/\/test.kobaltransporti.si\/index.php?rest_route=%2Fwp%2Fv2%2Fmedia&parent=1285"}],"curies":[{"name":"wp","href":"https:\/\/api.w.org\/{rel}","templated":true}]}}