{"id":1252,"date":"2026-03-08T13:36:18","date_gmt":"2026-03-08T13:36:18","guid":{"rendered":"https:\/\/test.kobaltransporti.si\/?page_id=1252"},"modified":"2026-03-15T12:42:51","modified_gmt":"2026-03-15T12:42:51","slug":"lokalna-distribucija","status":"publish","type":"page","link":"https:\/\/test.kobaltransporti.si\/?page_id=1252","title":{"rendered":"Lokalna distribucija"},"content":{"rendered":"\n<h2 class=\"wp-block-heading\">Hiter, zanesljiv in sledljiv transport po Sloveniji<\/h2>\n\n\n<div class=\"wp-block-image\">\n<figure class=\"alignleft size-full is-resized\"><img loading=\"lazy\" decoding=\"async\" width=\"275\" height=\"183\" src=\"https:\/\/test.kobaltransporti.si\/wp-content\/uploads\/2026\/03\/images.jpeg\" alt=\"\" class=\"wp-image-1370\" style=\"width:287px;height:auto\"\/><\/figure>\n<\/div>\n\n\n<p>Z na\u0161o floto ve\u010d kot 650 vozil zagotavljamo varne, pravo\u010dasne in zanesljive prevoze, s popolno sledljivostjo vozil in nadzorom temperaturnih re\u017eimov tovora. Na\u0161e re\u0161itve temeljijo na sodobni tehnologiji in naprednih IT sistemih, ki pove\u010dujejo u\u010dinkovitost in kakovost storitev.<\/p>\n\n\n\n<p>S stalnim vlaganjem v posodobitve, razvoj in okoljsko odgovorne prakse smo pridobili ISO 9001 standard kakovosti ter ECODRIVE certifikat, s katerim dokazujemo zavezanost k zmanj\u0161evanju izpustov toplogrednih plinov.<\/p>\n\n\n\n<p>Na\u0161e storitve zaupajo ugledni partnerji, med njimi tudi BTC LC, za katerega upravljamo celotno organizacijo transporta, vklju\u010dno z dnevnim in no\u010dnim razvozom po Sloveniji.<\/p>\n\n\n\n<h2 class=\"wp-block-heading\">Na\u0161i dose\u017eki pri transportu<\/h2>\n\n\n\n<ul class=\"wp-block-list\">\n<li><strong>27.000+ palet<\/strong> razvoza dnevno<\/li>\n\n\n\n<li><strong>650+ vozil<\/strong> v voznem parku<\/li>\n\n\n\n<li><strong>24-urna dostava<\/strong> \u2013 dnevni in no\u010dni transport<\/li>\n\n\n\n<li><strong>4.500+ dostavnih mest<\/strong> dnevno<\/li>\n\n\n\n<li><strong>Standard kakovosti ISO 9001<\/strong> in certifikat <strong>ECODRIVE<\/strong><\/li>\n<\/ul>\n","protected":false},"excerpt":{"rendered":"<p>Hiter in zanesljiv transport znotraj dr\u017eave, saj zagotavljamo sledljivost vozil in nadzor nad temperaturnim re\u017eimom tovora&#8230;<\/p>\n","protected":false},"author":1,"featured_media":1371,"parent":0,"menu_order":0,"comment_status":"closed","ping_status":"closed","template":"","meta":{"footnotes":""},"class_list":["post-1252","page","type-page","status-publish","has-post-thumbnail","hentry"],"_links":{"self":[{"href":"https:\/\/test.kobaltransporti.si\/index.php?rest_route=\/wp\/v2\/pages\/1252","targetHints":{"allow":["GET"]}}],"collection":[{"href":"https:\/\/test.kobaltransporti.si\/index.php?rest_route=\/wp\/v2\/pages"}],"about":[{"href":"https:\/\/test.kobaltransporti.si\/index.php?rest_route=\/wp\/v2\/types\/page"}],"author":[{"embeddable":true,"href":"https:\/\/test.kobaltransporti.si\/index.php?rest_route=\/wp\/v2\/users\/1"}],"replies":[{"embeddable":true,"href":"https:\/\/test.kobaltransporti.si\/index.php?rest_route=%2Fwp%2Fv2%2Fcomments&post=1252"}],"version-history":[{"count":6,"href":"https:\/\/test.kobaltransporti.si\/index.php?rest_route=\/wp\/v2\/pages\/1252\/revisions"}],"predecessor-version":[{"id":1377,"href":"https:\/\/test.kobaltransporti.si\/index.php?rest_route=\/wp\/v2\/pages\/1252\/revisions\/1377"}],"wp:featuredmedia":[{"embeddable":true,"href":"https:\/\/test.kobaltransporti.si\/index.php?rest_route=\/wp\/v2\/media\/1371"}],"wp:attachment":[{"href":"https:\/\/test.kobaltransporti.si\/index.php?rest_route=%2Fwp%2Fv2%2Fmedia&parent=1252"}],"curies":[{"name":"wp","href":"https:\/\/api.w.org\/{rel}","templated":true}]}}